ase 13, what is -8 - -1b71?
1b66
In base 10, what is 2548 + 28?
2576
In base 15, what is 5e6b2e + 1?
5e6b30
In base 7, what is -50112051 - 5?
-50112056
In base 6, what is 24523203 - 4?
24523155
In base 7, what is 140 + -52?
55
In base 8, what is -4 + 312266?
312262
In base 14, what is -1dc1 + 48?
-1d77
In base 14, what is 25841 + 2?
25843
In base 13, what is -23110a - -5?
-231105
In base 7, what is -3 - 1152640?
-1152643
In base 11, what is -13 - -1016?
1003
In base 8, what is 461 + -634?
-153
In base 3, what is -201001100 - -101?
-201000222
In base 16, what is c8d6 - -3f?
c915
In base 11, what is 2a2 + 69?
360
In base 15, what is b3b - 2?
b39
In base 3, what is 200 - 10101211?
-10101011
In base 10, what is -84 - 402?
-486
In base 14, what is 10b + 1?
10c
In base 13, what is -2a + 147?
11a
In base 12, what is 470973 + 2?
470975
In base 5, what is 42110 + 22132?
114242
In base 2, what is -11 + -1010100010010100111?
-1010100010010101010
In base 12, what is 34 + -15a3?
-156b
In base 15, what is -db - -307b?
2e90
In base 5, what is -30041222 - 10?
-30041232
In base 11, what is 3 + 446538?
446540
In base 5, what is -1404011 - -3?
-1404003
In base 6, what is 1431 + -3122?
-1251
In base 5, what is 4 + 130442?
131001
In base 14, what is 72 - 93?
-21
In base 3, what is 12212102100 - 10?
12212102020
In base 4, what is -22220232 - -103?
-22220123
In base 6, what is 0 - -302512?
302512
In base 6, what is -235 - -41425?
41150
In base 14, what is -19d - -88?
-115
In base 5, what is -2 + 432230?
432223
In base 16, what is 4e1 + -e?
4d3
In base 9, what is 45 - 6733?
-6677
In base 12, what is 95aa - 39?
9571
In base 14, what is 32985c + -3?
329859
In base 14, what is 5bb + -1a?
5a1
In base 7, what is 2 - 65123?
-65121
In base 6, what is 102044430 + -3?
102044423
In base 4, what is -322102 - 30?
-322132
In base 6, what is 13502 + 134?
14040
In base 16, what is -e - -649?
63b
In base 15, what is -3b - -8770?
8734
In base 10, what is -34 + -17766?
-17800
In base 9, what is 17 - 88577?
-88560
In base 12, what is 4 + 114a5?
114a9
In base 14, what is c223 + -4?
c21d
In base 16, what is 2 + f8593?
f8595
In base 7, what is 3166616 + -3?
3166613
In base 4, what is -20203013 + 0?
-20203013
In base 11, what is 3 - 8a81?
-8a79
In base 10, what is 6847 - 13?
6834
In base 16, what is 524 - -1?
525
In base 7, what is -125231 + -4?
-125235
In base 2, what is 1010000101111 + -100000100110?
110000001001
In base 12, what is -3 - -a9785?
a9782
In base 10, what is -4 + 29819?
29815
In base 14, what is -9 + -3b5ca?
-3b5d5
In base 16, what is 2 - -17f3b?
17f3d
In base 16, what is -13 - 205f?
-2072
In base 10, what is 3 + -232294?
-232291
In base 7, what is -22 - -20566?
20544
In base 5, what is 111101 + 32?
111133
In base 2, what is 11000110110 + -1000100001?
10000010101
In base 4, what is -11312 - 211?
-12123
In base 14, what is 3 + -8483?
-8480
In base 4, what is 0 + -2323101?
-2323101
In base 13, what is a3a7 + 27?
a401
In base 10, what is -2115219 - -2?
-2115217
In base 15, what is -1e - 40a?
-429
In base 6, what is -4 + -13225?
-13233
In base 6, what is 2024 + 155?
2223
In base 3, what is 211 + -210120?
-202202
In base 2, what is 1010 - -1100111100011111?
1100111100101001
In base 15, what is -10 - 3081?
-3091
In base 15, what is 176 - -318?
48e
In base 15, what is 6 - 347a?
-3474
In base 7, what is -1 - -2066420?
2066416
In base 11, what is 1 + -7695?
-7694
In base 8, what is -37 - -145412?
145353
In base 13, what is -26 + 20c6?
20a0
In base 16, what is -275d - -24?
-2739
In base 5, what is 30400034 + 2?
30400041
In base 11, what is 3a + 121?
160
In base 4, what is 3301 - -201?
10102
In base 13, what is -34 - -4ab1?
4a7a
In base 6, what is 31352 + -154?
31154
In base 5, what is -4 + 120404?
120400
In base 6, what is 12 - -2331531?
2331543
In base 13, what is 13 - -263?
276
In base 8, what is 24 + 11174?
11220
In base 5, what is 130 - -204304?
204434
In base 16, what is -5bc - -39?
-583
In base 6, what is 1425422 - -13?
1425435
In base 11, what is -286 + 130a?
1034
In base 15, what is -2 + -b508?
-b50a
In base 10, what is 5 + 1424?
1429
In base 15, what is 196c67 + 2?
196c69
In base 16, what is 91 - 980?
-8ef
In base 7, what is 6255 - -5140?
14425
In base 9, what is -3 + -12268?
-12272
In base 11, what is 5 - 5021?
-5017
In base 16, what is 81 - 30df?
-305e
In base 10, what is 66592 + 5?
66597
In base 3, what is 12122022 - 102022?
12020000
In base 10, what is 14130 + 5?
14135
In base 5, what is 344101331 - 1?
344101330
In base 14, what is 1b8 - c9?
cd
In base 9, what is -3 - 37171?
-37174
In base 4, what is 10 + -10212332?
-10212322
In base 7, what is -232341 - -5?
-232333
In base 2, what is -1000111101111111000 + -11?
-1000111101111111011
In base 15, what is 4 - 1654a1?
-16549c
In base 9, what is -3 + 1060111?
1060107
In base 6, what is 5 - -52225?
52234
In base 10, what is 491387 - 1?
491386
In base 11, what is 557 + -15?
542
In base 9, what is 1 + 5781?
5782
In base 13, what is 4 + 12078?
1207c
In base 9, what is 2631 + 7?
2638
In base 6, what is 35000 + -15?
34541
In base 16, what is 24 - 605e?
-603a
In base 3, what is 11112 - -1122000?
1210112
In base 14, what is 3d - 7805?
-77a6
In base 5, what is -12 + -4220?
-4232
In base 10, what is 73874 + 6?
73880
In base 2, what is 1010001010001 + -10011?
1010000111110
In base 14, what is 9c7 - 31d?
6a8
In base 7, what is 45 - -411?
456
In base 9, what is 20787 - 18?
20768
In base 9, what is 1310 - -41?
1351
In base 14, what is 8311 - 5?
830a
In base 2, what is 1001110000011 - -10?
1001110000101
In base 3, what is -1002100100 + -20?
-1002100120
In base 3, what is -2211001020112 + 1?
-2211001020111
In base 11, what is -4 - 25a87?
-25a90
In base 9, what is 1 + 7061?
7062
In base 2, what is -11000011010000 - -1001000011?
-10111010001101
In base 13, what is 9b + -840?
-772
In base 3, what is 110 + -11102110220?
-11102110110
In base 9, what is -1 - 168232?
-168233
In base 9, what is 4 - -6502?
6506
In base 4, what is -210 - 111000?
-111210
In base 12, what is -30 + -aa18?
-aa48
In base 14, what is -509a + -10?
-50aa
In base 2, what is -100 + 11000100111001001000?
11000100111001000100
In base 12, what is 2891b3 + 2?
2891b5
In base 8, what is -3 - -331117?
331114
In base 11, what is 12 - 14801?
-1479a
In base 15, what is -66522c + 5?
-665227
In base 13, what is -6 - -2195?
218c
In base 14, what is -28 - -453?
429
In base 6, what is 14 + 542314?
542332
In base 3, what is 12 + 2220012121?
2220012210
In base 12, what is -a072 - -7?
-a067
In base 10, what is 1858 + 190?
2048
In base 10, what is 8 - 10769?
-10761
In base 10, what is 5 - 10045?
-10040
In base 10, what is -417 - 64?
-481
In base 13, what is 5c + cc09?
cc68
In base 9, what is -1522 + -227?
-1750
In base 11, what is 1 - 12a8a?
-12a89
In base 16, what is 6d - -2c?
99
In base 2, what is 111010011110101011 + -1011?
111010011110100000
In base 16, what is -5094 - a?
-509e
In base 14, what is -4c93 + -4?
-4c97
In base 15, what is 383c + -6?
3836
In base 3, what is -2 + -112002112?
-112002121
In base 5, what is -12421442 + 10?
-12421432
In base 3, what is 201 - 10101?
-2200
In base 13, what is 16 + -a230?
-a217
In base 15, what is 94a + 1d?
968
In base 9, what is 14 + 1783?
1807
In base 5, what is -24030 - -1020?
-23010
In base 15, what is 3cab7 - -22?
3cad9
In base 7, what is -1 + -10414?
-10415
In base 5, what is 341433 + 0?
341433
In base 11, what is -458 + 55?
-403
In base 9, what is 2145 - 2512?
-356
In base 8, what is 12235 - -405?
12642
In base 7, what is 3524 - 4?
3520
In base 7, what is 45 - 266?
-221
In base 2, what is 100100000001 - -11111?
100100100000
In base 15, what is -101 - 5?
-106
In base 8, what is 1222 - -77?
1321
In base 5, what is 4 - 30121111?
-30121102
In base 8, what is 62403 + 44?
62447
In base 7, what is -14625 + -342?
-15300
In base 3, what is 20002001002 - -10?
20002001012
In base 6, what is 1222210 - 1?
1222205
In base 14, what is -196c + -19?
-1987
In base 12, what is -4678 + -1b?
-4697
In base 3, what is -2210 + 211111?
201201
In base 9, what is -2 + -2505?
-2507
In base 7, what is -5136 + -20?
-5156
In base 8, what is 107554 - -1?
107555
In base 12, what is 205330 + 2?
205332
In base 7, what is 1142 + 2145?
3320
In base 4, what is 311323 - 112?
311211
